{"id":64,"date":"2023-12-10T18:57:08","date_gmt":"2023-12-10T18:57:08","guid":{"rendered":"https:\/\/firesplan.es\/?page_id=64"},"modified":"2023-12-19T17:45:01","modified_gmt":"2023-12-19T17:45:01","slug":"autoproteccion","status":"publish","type":"page","link":"https:\/\/firesplan.es\/?page_id=64","title":{"rendered":"Autoprotecci\u00f3n"},"content":{"rendered":"\n<p>Determinadas actividades est\u00e1n obligadas a disponer de un PLAN DE AUTOPROTECCI\u00d3N Y EMERGENCIAS, en FIRESPLAN estamos habilitados para la redacci\u00f3n de planes en las siguientes actividades:<\/p>\n\n\n\n<ul>\n<li>Espect\u00e1culos p\u00fablicos y actividades recreativas.<\/li>\n\n\n\n<li>Actividades docentes.<\/li>\n\n\n\n<li>Actividades residenciales p\u00fablicas.<\/li>\n\n\n\n<li>Actividades sanitarias.<\/li>\n\n\n\n<li>Actividades industriales de almacenamiento e investigaci\u00f3n.<\/li>\n\n\n\n<li>Actividades e infraestructuras energ\u00e9ticas.<\/li>\n\n\n\n<li>Actividades e infraestructuras de transporte.<\/li>\n\n\n\n<li>Otras actividades.<\/li>\n<\/ul>\n\n\n\n<figure class=\"wp-block-gallery has-nested-images columns-default is-cropped wp-block-gallery-1 is-layout-flex wp-block-gallery-is-layout-flex\">\n<figure class=\"wp-block-image size-large\"><img loading=\"lazy\" decoding=\"async\" width=\"1024\" height=\"437\" data-id=\"84\" src=\"https:\/\/firesplan.es\/wp-content\/uploads\/2023\/12\/image-1.png\" alt=\"\" class=\"wp-image-84\" srcset=\"https:\/\/firesplan.es\/wp-content\/uploads\/2023\/12\/image-1.png 1024w, https:\/\/firesplan.es\/wp-content\/uploads\/2023\/12\/image-1-300x128.png 300w, https:\/\/firesplan.es\/wp-content\/uploads\/2023\/12\/image-1-768x328.png 768w\" sizes=\"(max-width: 1024px) 100vw, 1024px\" \/><\/figure>\n<\/figure>\n","protected":false},"excerpt":{"rendered":"<p>Determinadas actividades est\u00e1n obligadas a disponer de un PLAN DE AUTOPROTECCI\u00d3N Y EMERGENCIAS, en FIRESPLAN estamos habilitados para la redacci\u00f3n de planes en las siguientes<span class=\"more-button\"><a href=\"https:\/\/firesplan.es\/?page_id=64\" class=\"more-link\">Leer m\u00e1s<span class=\"screen-reader-text\">Autoprotecci\u00f3n<\/span><\/a><\/span><\/p>\n","protected":false},"author":1,"featured_media":82,"parent":0,"menu_order":1,"comment_status":"closed","ping_status":"closed","template":"","meta":{"footnotes":""},"_links":{"self":[{"href":"https:\/\/firesplan.es\/index.php?rest_route=\/wp\/v2\/pages\/64"}],"collection":[{"href":"https:\/\/firesplan.es\/index.php?rest_route=\/wp\/v2\/pages"}],"about":[{"href":"https:\/\/firesplan.es\/index.php?rest_route=\/wp\/v2\/types\/page"}],"author":[{"embeddable":true,"href":"https:\/\/firesplan.es\/index.php?rest_route=\/wp\/v2\/users\/1"}],"replies":[{"embeddable":true,"href":"https:\/\/firesplan.es\/index.php?rest_route=%2Fwp%2Fv2%2Fcomments&post=64"}],"version-history":[{"count":4,"href":"https:\/\/firesplan.es\/index.php?rest_route=\/wp\/v2\/pages\/64\/revisions"}],"predecessor-version":[{"id":85,"href":"https:\/\/firesplan.es\/index.php?rest_route=\/wp\/v2\/pages\/64\/revisions\/85"}],"wp:featuredmedia":[{"embeddable":true,"href":"https:\/\/firesplan.es\/index.php?rest_route=\/wp\/v2\/media\/82"}],"wp:attachment":[{"href":"https:\/\/firesplan.es\/index.php?rest_route=%2Fwp%2Fv2%2Fmedia&parent=64"}],"curies":[{"name":"wp","href":"https:\/\/api.w.org\/{rel}","templated":true}]}}